{"id":18768,"date":"2021-08-27T18:25:04","date_gmt":"2021-08-27T16:25:04","guid":{"rendered":"https:\/\/www.judokwailausanne.ch\/?page_id=18768"},"modified":"2022-01-16T11:21:00","modified_gmt":"2022-01-16T10:21:00","slug":"judo-kwai-lausanne-homepagev4","status":"publish","type":"page","link":"https:\/\/www.judokwailausanne.ch\/","title":{"rendered":"Judo Kwai Lausanne \u2013 Homepage v4"},"content":{"rendered":"<p>[et_pb_section fb_built=\u00a0\u00bb1&Prime; fullwidth=\u00a0\u00bbon\u00a0\u00bb prev_background_color=\u00a0\u00bb#ffffff\u00a0\u00bb _builder_version=\u00a0\u00bb4.10.3&Prime; _module_preset=\u00a0\u00bbdefault\u00a0\u00bb background_color=\u00a0\u00bb#282828&Prime; top_divider_style=\u00a0\u00bbslant2&Prime; top_divider_height=\u00a0\u00bb31px\u00a0\u00bb top_divider_flip=\u00a0\u00bbhorizontal\u00a0\u00bb border_width_bottom=\u00a0\u00bb3px\u00a0\u00bb border_color_bottom=\u00a0\u00bb#FFFFFF\u00a0\u00bb box_shadow_style=\u00a0\u00bbpreset3&Prime; global_colors_info=\u00a0\u00bb{}\u00a0\u00bb][et_pb_fullwidth_slider _builder_version=\u00a0\u00bb4.10.3&Prime; _module_preset=\u00a0\u00bbdefault\u00a0\u00bb custom_button=\u00a0\u00bbon\u00a0\u00bb header_font_size_tablet=\u00a0\u00bb48px\u00a0\u00bb header_font_size_phone=\u00a0\u00bb40px\u00a0\u00bb header_font_size_last_edited=\u00a0\u00bbon|phone\u00a0\u00bb body_line_height_tablet=\u00a0\u00bb1.6em\u00a0\u00bb body_line_height_phone=\u00a0\u00bb\u00a0\u00bb body_line_height_last_edited=\u00a0\u00bbon|phone\u00a0\u00bb button_text_size_tablet=\u00a0\u00bb\u00a0\u00bb button_text_size_phone=\u00a0\u00bb18px\u00a0\u00bb button_text_size_last_edited=\u00a0\u00bbon|phone\u00a0\u00bb global_colors_info=\u00a0\u00bb{}\u00a0\u00bb][et_pb_slide heading=\u00a0\u00bbUn enseignement dans le respect de la tradition japonaise\u00a0\u00bb button_text=\u00a0\u00bbEn savoir plus sur le JKL&#8230;\u00a0\u00bb button_link=\u00a0\u00bbhttps:\/\/www.judokwailausanne.ch\/?page_id=4112&Prime; _builder_version=\u00a0\u00bb4.10.3&Prime; _module_preset=\u00a0\u00bbdefault\u00a0\u00bb background_color=\u00a0\u00bbrgba(0,0,0,0.5)\u00a0\u00bb background_enable_color=\u00a0\u00bbon\u00a0\u00bb background_image=\u00a0\u00bbhttps:\/\/www.judokwailausanne.ch\/cmsv3\/wp-content\/uploads\/2018\/01\/DSCF1050.jpg\u00a0\u00bb background_enable_image=\u00a0\u00bbon\u00a0\u00bb background_blend=\u00a0\u00bbmultiply\u00a0\u00bb global_colors_info=\u00a0\u00bb{}\u00a0\u00bb sticky_transition=\u00a0\u00bbon\u00a0\u00bb]<\/p>\n<p>Avec pr\u00e8s de 500 membres, le club Judo Kwai Lausanne (JKL) b\u00e9n\u00e9ficie d&rsquo;un encadrement professionnel et compte plusieurs hauts grad\u00e9s parmi les moniteurs J&amp;S et experts (6e DAN et plus).<\/p>\n<p>[\/et_pb_slide][et_pb_slide heading=\u00a0\u00bbBaby Judo&#8230; Il n&rsquo;est jamais trop t\u00f4t pour commencer\u00a0\u00bb button_text=\u00a0\u00bbD\u00e9couvrir le Baby Judo&#8230;\u00a0\u00bb button_link=\u00a0\u00bbhttps:\/\/www.judokwailausanne.ch\/?page_id=16699&Prime; _builder_version=\u00a0\u00bb4.10.3&Prime; _module_preset=\u00a0\u00bbdefault\u00a0\u00bb background_color=\u00a0\u00bbrgba(0,0,0,0.5)\u00a0\u00bb background_enable_color=\u00a0\u00bbon\u00a0\u00bb background_image=\u00a0\u00bbhttps:\/\/www.judokwailausanne.ch\/cmsv3\/wp-content\/uploads\/2021\/08\/slider_baby-judo.jpg\u00a0\u00bb background_enable_image=\u00a0\u00bbon\u00a0\u00bb background_position=\u00a0\u00bbcenter_right\u00a0\u00bb background_blend=\u00a0\u00bbmultiply\u00a0\u00bb global_colors_info=\u00a0\u00bb{}\u00a0\u00bb sticky_transition=\u00a0\u00bbon\u00a0\u00bb]<\/p>\n<p>Destin\u00e9 aux enfants d\u00e8s l&rsquo;\u00e2ge de 4 ans, le Baby Judo a pour but de d\u00e9velopper leurs qualit\u00e9s physiques, psychologiques et morales dans le respect des valeurs du judo et de les amener progressivement \u00e0 la pratique de ce sport.<\/p>\n<p>[\/et_pb_slide][et_pb_slide heading=\u00a0\u00bbUn enseignement dans le respect de la tradition japonaise\u00a0\u00bb button_text=\u00a0\u00bbEn savoir plus sur le JKL&#8230;\u00a0\u00bb button_link=\u00a0\u00bbhttps:\/\/www.judokwailausanne.ch\/?page_id=4112&Prime; _builder_version=\u00a0\u00bb4.10.3&Prime; _module_preset=\u00a0\u00bbdefault\u00a0\u00bb background_color=\u00a0\u00bbrgba(0,0,0,0.5)\u00a0\u00bb background_enable_color=\u00a0\u00bbon\u00a0\u00bb background_image=\u00a0\u00bbhttps:\/\/www.judokwailausanne.ch\/cmsv3\/wp-content\/uploads\/2021\/08\/slider_hiroshi-katanishi_prise.jpg\u00a0\u00bb background_enable_image=\u00a0\u00bbon\u00a0\u00bb background_blend=\u00a0\u00bbmultiply\u00a0\u00bb global_colors_info=\u00a0\u00bb{}\u00a0\u00bb sticky_transition=\u00a0\u00bbon\u00a0\u00bb]<\/p>\n<p>Avec pr\u00e8s de 400 membres, le club Judo Kwai Lausanne (JKL) b\u00e9n\u00e9ficie d&rsquo;un encadrement professionnel et compte plusieurs hauts grad\u00e9s parmi les moniteurs J&amp;S et experts (6e DAN et plus).<\/p>\n<p>[\/et_pb_slide][\/et_pb_fullwidth_slider][\/et_pb_section][et_pb_section fb_built=\u00a0\u00bb1&Prime; _builder_version=\u00a0\u00bb4.10.3&Prime; _module_preset=\u00a0\u00bbdefault\u00a0\u00bb custom_margin=\u00a0\u00bb0px|0px|0px|0px|true|true\u00a0\u00bb custom_padding=\u00a0\u00bb0px|0px|0px|0px|true|true\u00a0\u00bb global_colors_info=\u00a0\u00bb{}\u00a0\u00bb][et_pb_row column_structure=\u00a0\u00bb1_3,1_3,1_3&Prime; use_custom_gutter=\u00a0\u00bbon\u00a0\u00bb gutter_width=\u00a0\u00bb1&Prime; make_equal=\u00a0\u00bbon\u00a0\u00bb _builder_version=\u00a0\u00bb4.10.3&Prime; _module_preset=\u00a0\u00bbdefault\u00a0\u00bb background_color=\u00a0\u00bb#282828&Prime; width=\u00a0\u00bb100%\u00a0\u00bb max_width=\u00a0\u00bb100%\u00a0\u00bb custom_margin=\u00a0\u00bb0px|0px|0px|0px|true|true\u00a0\u00bb custom_padding=\u00a0\u00bb0px|0px|0px|0px|true|true\u00a0\u00bb global_colors_info=\u00a0\u00bb{}\u00a0\u00bb][et_pb_column type=\u00a0\u00bb1_3&Prime; _builder_version=\u00a0\u00bb4.10.3&Prime; _module_preset=\u00a0\u00bbdefault\u00a0\u00bb background_color=\u00a0\u00bb#196D02&Prime; border_width_right=\u00a0\u00bb1px\u00a0\u00bb border_color_right=\u00a0\u00bb#FFFFFF\u00a0\u00bb border_color_bottom=\u00a0\u00bb#FFFFFF\u00a0\u00bb border_width_right_tablet=\u00a0\u00bb0px\u00a0\u00bb border_width_right_phone=\u00a0\u00bb\u00a0\u00bb border_width_right_last_edited=\u00a0\u00bbon|desktop\u00a0\u00bb border_width_bottom_tablet=\u00a0\u00bb3px\u00a0\u00bb border_width_bottom_phone=\u00a0\u00bb\u00a0\u00bb border_width_bottom_last_edited=\u00a0\u00bbon|desktop\u00a0\u00bb global_colors_info=\u00a0\u00bb{}\u00a0\u00bb][et_pb_image src=\u00a0\u00bbhttps:\/\/www.judokwailausanne.ch\/cmsv3\/wp-content\/uploads\/2021\/08\/teaser_judo-enfants.jpg\u00a0\u00bb alt=\u00a0\u00bbJudo enfants\u00a0\u00bb title_text=\u00a0\u00bbteaser_judo-enfants\u00a0\u00bb url=\u00a0\u00bbhttps:\/\/www.judokwailausanne.ch\/IntegrerJKL\u00a0\u00bb align=\u00a0\u00bbcenter\u00a0\u00bb force_fullwidth=\u00a0\u00bbon\u00a0\u00bb _builder_version=\u00a0\u00bb4.10.3&Prime; _module_preset=\u00a0\u00bbdefault\u00a0\u00bb global_colors_info=\u00a0\u00bb{}\u00a0\u00bb][\/et_pb_image][et_pb_cta title=\u00a0\u00bbCOURS BABY JUDO &#038; ENFANTS\u00a0\u00bb button_url=\u00a0\u00bbhttps:\/\/www.judokwailausanne.ch\/IntegrerJKL\u00a0\u00bb button_text=\u00a0\u00bbD\u00e9couvrir le Judo pour enfants&#8230;\u00a0\u00bb _builder_version=\u00a0\u00bb4.10.3&Prime; _module_preset=\u00a0\u00bbdefault\u00a0\u00bb header_level=\u00a0\u00bbh6&Prime; header_line_height=\u00a0\u00bb1.5em\u00a0\u00bb body_font_size=\u00a0\u00bb17px\u00a0\u00bb background_color=\u00a0\u00bb#196D02&Prime; custom_button=\u00a0\u00bbon\u00a0\u00bb text_orientation=\u00a0\u00bbleft\u00a0\u00bb button_text_size_tablet=\u00a0\u00bb\u00a0\u00bb button_text_size_phone=\u00a0\u00bb17px\u00a0\u00bb button_text_size_last_edited=\u00a0\u00bbon|phone\u00a0\u00bb global_colors_info=\u00a0\u00bb{}\u00a0\u00bb]<\/p>\n<h2>Un sport et des valeurs d\u00e8s l&rsquo;\u00e2ge de 4 ans&#8230;<\/h2>\n<p>D\u00e9couvrez les bienfaits que procure la pratique r\u00e9guli\u00e8re du Judo sur l&rsquo;\u00e9quilibre psychique, le bien-\u00eatre physique et les comp\u00e9tences sociales de votre enfant.<\/p>\n<p>[\/et_pb_cta][\/et_pb_column][et_pb_column type=\u00a0\u00bb1_3&Prime; _builder_version=\u00a0\u00bb4.10.3&Prime; _module_preset=\u00a0\u00bbdefault\u00a0\u00bb background_color=\u00a0\u00bb#933300&Prime; border_width_right=\u00a0\u00bb1px\u00a0\u00bb border_color_right=\u00a0\u00bb#FFFFFF\u00a0\u00bb border_color_bottom=\u00a0\u00bb#FFFFFF\u00a0\u00bb border_width_right_tablet=\u00a0\u00bb0px\u00a0\u00bb border_width_right_phone=\u00a0\u00bb\u00a0\u00bb border_width_right_last_edited=\u00a0\u00bbon|desktop\u00a0\u00bb border_width_bottom_tablet=\u00a0\u00bb3px\u00a0\u00bb border_width_bottom_phone=\u00a0\u00bb\u00a0\u00bb border_width_bottom_last_edited=\u00a0\u00bbon|desktop\u00a0\u00bb global_colors_info=\u00a0\u00bb{}\u00a0\u00bb][et_pb_image src=\u00a0\u00bbhttps:\/\/www.judokwailausanne.ch\/cmsv3\/wp-content\/uploads\/2021\/08\/teaser_judo-adultes.jpg\u00a0\u00bb alt=\u00a0\u00bbJudo adultes\u00a0\u00bb title_text=\u00a0\u00bbteaser_judo-adultes\u00a0\u00bb url=\u00a0\u00bbhttps:\/\/www.judokwailausanne.ch\/IntegrerJKL\u00a0\u00bb align=\u00a0\u00bbcenter\u00a0\u00bb force_fullwidth=\u00a0\u00bbon\u00a0\u00bb _builder_version=\u00a0\u00bb4.10.3&Prime; _module_preset=\u00a0\u00bbdefault\u00a0\u00bb global_colors_info=\u00a0\u00bb{}\u00a0\u00bb][\/et_pb_image][et_pb_cta title=\u00a0\u00bbCOURS JUDO &#038; JU-JITSU ADULTES\u00a0\u00bb button_url=\u00a0\u00bbhttps:\/\/www.judokwailausanne.ch\/IntegrerJKL\u00a0\u00bb button_text=\u00a0\u00bbD\u00e9buter en Judo ou en Ju-Jitsu&#8230;\u00a0\u00bb _builder_version=\u00a0\u00bb4.10.3&Prime; _module_preset=\u00a0\u00bbdefault\u00a0\u00bb header_level=\u00a0\u00bbh6&Prime; header_line_height=\u00a0\u00bb1.5em\u00a0\u00bb body_font_size=\u00a0\u00bb17px\u00a0\u00bb background_color=\u00a0\u00bb#933300&Prime; custom_button=\u00a0\u00bbon\u00a0\u00bb text_orientation=\u00a0\u00bbleft\u00a0\u00bb button_text_size_tablet=\u00a0\u00bb\u00a0\u00bb button_text_size_phone=\u00a0\u00bb17px\u00a0\u00bb button_text_size_last_edited=\u00a0\u00bbon|phone\u00a0\u00bb global_colors_info=\u00a0\u00bb{}\u00a0\u00bb]<\/p>\n<h2>Deux disciplines, un seul club !<\/h2>\n<p>Le club Judo Kwai Lausanne propose des cours de judo et de ju-jitsu pour les jeunes et moins jeunes de tous niveaux et dispose de 3 dojos situ\u00e9s dans la r\u00e9gion lausannoise.<\/p>\n<p>[\/et_pb_cta][\/et_pb_column][et_pb_column type=\u00a0\u00bb1_3&Prime; _builder_version=\u00a0\u00bb4.10.3&Prime; _module_preset=\u00a0\u00bbdefault\u00a0\u00bb background_color=\u00a0\u00bb#045691&Prime; border_width_right_tablet=\u00a0\u00bb0px\u00a0\u00bb border_width_right_phone=\u00a0\u00bb\u00a0\u00bb border_width_right_last_edited=\u00a0\u00bbon|desktop\u00a0\u00bb border_width_bottom_tablet=\u00a0\u00bb3px\u00a0\u00bb border_width_bottom_phone=\u00a0\u00bb\u00a0\u00bb border_width_bottom_last_edited=\u00a0\u00bbon|desktop\u00a0\u00bb global_colors_info=\u00a0\u00bb{}\u00a0\u00bb][et_pb_image src=\u00a0\u00bbhttps:\/\/www.judokwailausanne.ch\/cmsv3\/wp-content\/uploads\/2021\/08\/teaser_competition-judo.jpg\u00a0\u00bb alt=\u00a0\u00bbJudo haut niveau\u00a0\u00bb title_text=\u00a0\u00bbteaser_competition-judo\u00a0\u00bb url=\u00a0\u00bbhttps:\/\/www.judokwailausanne.ch\/competition\u00a0\u00bb align=\u00a0\u00bbcenter\u00a0\u00bb force_fullwidth=\u00a0\u00bbon\u00a0\u00bb _builder_version=\u00a0\u00bb4.10.3&Prime; _module_preset=\u00a0\u00bbdefault\u00a0\u00bb global_colors_info=\u00a0\u00bb{}\u00a0\u00bb][\/et_pb_image][et_pb_cta title=\u00a0\u00bbCOMP\u00c9TITION\u00a0\u00bb button_url=\u00a0\u00bbhttps:\/\/www.judokwailausanne.ch\/competition\u00a0\u00bb button_text=\u00a0\u00bbTout savoir sur le JKL en comp\u00e9tition&#8230;\u00a0\u00bb _builder_version=\u00a0\u00bb4.10.3&Prime; _module_preset=\u00a0\u00bbdefault\u00a0\u00bb header_level=\u00a0\u00bbh6&Prime; header_line_height=\u00a0\u00bb1.5em\u00a0\u00bb body_font_size=\u00a0\u00bb17px\u00a0\u00bb background_color=\u00a0\u00bb#045691&Prime; custom_button=\u00a0\u00bbon\u00a0\u00bb text_orientation=\u00a0\u00bbleft\u00a0\u00bb button_text_size_tablet=\u00a0\u00bb\u00a0\u00bb button_text_size_phone=\u00a0\u00bb17px\u00a0\u00bb button_text_size_last_edited=\u00a0\u00bbon|phone\u00a0\u00bb global_colors_info=\u00a0\u00bb{}\u00a0\u00bb]<\/p>\n<h2>L&rsquo;excellence jusqu&rsquo;au plus haut niveau<\/h2>\n<p>Vous souhaitez int\u00e9grer une \u00e9quipe nationale en championnat ou simplement en savoir plus et vous tenir au courant des r\u00e9sultats de nos athl\u00e8tes engag\u00e9s.<\/p>\n<p>[\/et_pb_cta][\/et_pb_column][\/et_pb_row][\/et_pb_section]<\/p>\n","protected":false},"excerpt":{"rendered":"<p>Avec pr\u00e8s de 500 membres, le club Judo Kwai Lausanne (JKL) b\u00e9n\u00e9ficie d&rsquo;un encadrement professionnel et compte plusieurs hauts grad\u00e9s parmi les moniteurs J&amp;S et experts (6e DAN et plus).Destin\u00e9 aux enfants d\u00e8s l&rsquo;\u00e2ge de 4 ans, le Baby Judo a pour but de d\u00e9velopper leurs qualit\u00e9s physiques, psychologiques et morales dans le respect des [&hellip;]<\/p>\n","protected":false},"author":24,"featured_media":0,"parent":0,"menu_order":0,"comment_status":"closed","ping_status":"closed","template":"","meta":{"_et_pb_use_builder":"on","_et_pb_old_content":"","_et_gb_content_width":"","footnotes":""},"class_list":["post-18768","page","type-page","status-publish","hentry"],"_links":{"self":[{"href":"https:\/\/www.judokwailausanne.ch\/index.php?rest_route=\/wp\/v2\/pages\/18768","targetHints":{"allow":["GET"]}}],"collection":[{"href":"https:\/\/www.judokwailausanne.ch\/index.php?rest_route=\/wp\/v2\/pages"}],"about":[{"href":"https:\/\/www.judokwailausanne.ch\/index.php?rest_route=\/wp\/v2\/types\/page"}],"author":[{"embeddable":true,"href":"https:\/\/www.judokwailausanne.ch\/index.php?rest_route=\/wp\/v2\/users\/24"}],"replies":[{"embeddable":true,"href":"https:\/\/www.judokwailausanne.ch\/index.php?rest_route=%2Fwp%2Fv2%2Fcomments&post=18768"}],"version-history":[{"count":26,"href":"https:\/\/www.judokwailausanne.ch\/index.php?rest_route=\/wp\/v2\/pages\/18768\/revisions"}],"predecessor-version":[{"id":24973,"href":"https:\/\/www.judokwailausanne.ch\/index.php?rest_route=\/wp\/v2\/pages\/18768\/revisions\/24973"}],"wp:attachment":[{"href":"https:\/\/www.judokwailausanne.ch\/index.php?rest_route=%2Fwp%2Fv2%2Fmedia&parent=18768"}],"curies":[{"name":"wp","href":"https:\/\/api.w.org\/{rel}","templated":true}]}}