{"id":4101,"date":"2018-01-06T14:14:49","date_gmt":"2018-01-06T13:14:49","guid":{"rendered":"http:\/\/www.judokwailausanne.ch\/cmsv3\/?page_id=4101"},"modified":"2024-04-08T16:38:16","modified_gmt":"2024-04-08T14:38:16","slug":"nos-dojos","status":"publish","type":"page","link":"https:\/\/www.judokwailausanne.ch\/?page_id=4101","title":{"rendered":"Nos Dojos"},"content":{"rendered":"<p>[et_pb_section fb_built=\u00a0\u00bb1&Prime; admin_label=\u00a0\u00bbsection\u00a0\u00bb _builder_version=\u00a0\u00bb4.16&Prime; global_colors_info=\u00a0\u00bb{}\u00a0\u00bb][et_pb_row _builder_version=\u00a0\u00bb4.16&Prime; _module_preset=\u00a0\u00bbdefault\u00a0\u00bb locked=\u00a0\u00bboff\u00a0\u00bb global_colors_info=\u00a0\u00bb{}\u00a0\u00bb][et_pb_column type=\u00a0\u00bb4_4&Prime; _builder_version=\u00a0\u00bb4.16&Prime; _module_preset=\u00a0\u00bbdefault\u00a0\u00bb global_colors_info=\u00a0\u00bb{}\u00a0\u00bb][et_pb_accordion _builder_version=\u00a0\u00bb4.23.4&Prime; _module_preset=\u00a0\u00bbdefault\u00a0\u00bb background_color=\u00a0\u00bbRGBA(0,0,0,0)\u00a0\u00bb hover_enabled=\u00a0\u00bb0&Prime; global_colors_info=\u00a0\u00bb{}\u00a0\u00bb sticky_enabled=\u00a0\u00bb0&Prime;][et_pb_accordion_item title=\u00a0\u00bbTous nos Dojos\u00a0\u00bb _builder_version=\u00a0\u00bb4.16&Prime; _module_preset=\u00a0\u00bbdefault\u00a0\u00bb border_style_all=\u00a0\u00bbnone\u00a0\u00bb box_shadow_style=\u00a0\u00bbpreset2&Prime; global_colors_info=\u00a0\u00bb{}\u00a0\u00bb open=\u00a0\u00bbon\u00a0\u00bb]<\/p>\n<p>Notre club dispose de plusieurs endroits o\u00f9 ont lieu les cours de Judo et\/ou Ju-Jitsu, il s&rsquo;agit:<\/p>\n<p>[\/et_pb_accordion_item][et_pb_accordion_item title=\u00a0\u00bbDojo de Mon Repos \u00e0 Lausanne\u00a0\u00bb _builder_version=\u00a0\u00bb4.16&Prime; _module_preset=\u00a0\u00bbdefault\u00a0\u00bb box_shadow_style=\u00a0\u00bbpreset2&Prime; global_colors_info=\u00a0\u00bb{}\u00a0\u00bb open=\u00a0\u00bboff\u00a0\u00bb]<\/p>\n<p><a name=\"1005\"><\/a><\/p>\n<p><img decoding=\"async\" class=\"alignright wp-image-1433 size-thumbnail\" src=\"https:\/\/www.judokwailausanne.ch\/cmsv3\/wp-content\/uploads\/2018\/01\/DojoMR-150x150.jpg\" alt=\"\" width=\"150\" height=\"150\" \/>Situ\u00e9 <a href=\"https:\/\/goo.gl\/maps\/eNR6bsWz26v\" target=\"_blank\" rel=\"noopener noreferrer\">avenue Tribunal F\u00e9d\u00e9ral 4, 1005 Lausanne<\/a>, dans les b\u00e2timents de la piscine Mon-Repos, ce Dojo est l&rsquo;\u00e9picentre du club. Il dispose d&rsquo;une surface d&rsquo;une surface de plus de 400 m2 de tatamis. Nos voisins et amis, le Budokan Lausanne dispose \u00e9galement d&rsquo;une m\u00eame surface d&rsquo;entrainement qui sont s\u00e9par\u00e9s par une cloison amovible. Les deux tatamis peuvent \u00eatre r\u00e9unis facilement. Cela a lieu plusieurs fois par ann\u00e9e lors d&rsquo;entrainements particuliers ou du tournoi des enfants notamment.<\/p>\n<div><\/div>\n<p>[\/et_pb_accordion_item][et_pb_accordion_item title=\u00a0\u00bbDojo Marcel Python \u00e0 Epalinges\u00a0\u00bb _builder_version=\u00a0\u00bb4.17.4&Prime; _module_preset=\u00a0\u00bbdefault\u00a0\u00bb box_shadow_style=\u00a0\u00bbpreset2&Prime; global_colors_info=\u00a0\u00bb{}\u00a0\u00bb open=\u00a0\u00bboff\u00a0\u00bb]<\/p>\n<p><a name=\"1066\"><\/a><br \/><img decoding=\"async\" class=\"alignright wp-image-1432 size-thumbnail\" src=\"https:\/\/www.judokwailausanne.ch\/cmsv3\/wp-content\/uploads\/2018\/01\/DojoMPs-150x150.jpg\" alt=\"\" width=\"150\" height=\"150\" \/>En 1995, la Municipalit\u00e9 a mis \u00e0 disposition un dojo sympathique et agr\u00e9able dans la <a href=\"https:\/\/goo.gl\/maps\/pGtR3wraVp22\" target=\"_blank\" rel=\"noopener noreferrer\">salle des sports, route de la Croix Blanche \u00e0 Epalinges<\/a>. Dans ce Dojo r\u00e9nov\u00e9 tout derni\u00e8rement, ont lieu des cours de <a href=\"https:\/\/www.judokwailausanne.ch\/1066\">Judo<\/a> pour enfants et de <a href=\"https:\/\/www.judokwailausanne.ch\/ju-jitsu\">Ju-Jitsu<\/a>.<\/p>\n<p>[\/et_pb_accordion_item][et_pb_accordion_item title=\u00a0\u00bbSalle de rythmique du Coll\u00e8ge de Bois-Murat\u00a0\u00bb open=\u00a0\u00bboff\u00a0\u00bb _builder_version=\u00a0\u00bb4.17.6&Prime; _module_preset=\u00a0\u00bbdefault\u00a0\u00bb box_shadow_style=\u00a0\u00bbpreset2&Prime; global_colors_info=\u00a0\u00bb{}\u00a0\u00bb]<a name=\"1066bm\"><\/a><\/p>\n<p><img decoding=\"async\" class=\"alignright wp-image-4678 size-thumbnail\" src=\"https:\/\/www.judokwailausanne.ch\/cmsv3\/wp-content\/uploads\/2022\/08\/BoisMurat.jpeg\" alt=\"\" width=\"150\" height=\"150\" \/>En 2022, la section de Ju-Jitsu dipose d&rsquo;horaires dans <a href=\"https:\/\/goo.gl\/maps\/woNbJdMmq2aY62BJ9\" target=\"_blank\" rel=\"noopener\">la salle de rythmique du Coll\u00e8ge de Bois-Murat \u00e0 Epalinges<\/a>. La salle est \u00e9galement utilis\u00e9e, notamment par le Karat\u00e9 Club Epalinges, et avec qui nous partageons les tatamis pour donner nos <a href=\"https:\/\/www.judokwailausanne.ch\/ju-jitsu\">cours de Ju-Jitsu<\/a>.[\/et_pb_accordion_item][et_pb_accordion_item title=\u00a0\u00bbLes dojos sur la carte\u00a0\u00bb _builder_version=\u00a0\u00bb4.17.4&Prime; _module_preset=\u00a0\u00bbdefault\u00a0\u00bb box_shadow_style=\u00a0\u00bbpreset2&Prime; global_colors_info=\u00a0\u00bb{}\u00a0\u00bb open=\u00a0\u00bboff\u00a0\u00bb]<\/p>\n<ul>\n<li><a href=\"#1005\">Dojo de Mon Repos \u00e0 Lausanne<\/a><\/li>\n<li><a href=\"#1066\">Dojo Marcel Python \u00e0 Epalinges<\/a><\/li>\n<li><a href=\"#1066bm\">Salle de rythmique du Coll\u00e8ge de Bois-Murat<\/a><\/li>\n<li><a href=\"#1052\">B\u00e2timent de l&rsquo;EMS La Paix du Soir au Mont sur Lausanne<\/a><\/li>\n<\/ul>\n\r\n            \r\n            \r\n            \r\n            <a name='map1'><\/a>\r\n            \r\n            \r\n            \r\n            \r\n            <div class=\"wpgmza_map \"  id=\"wpgmza_map_1\" style=\"display:block; overflow:auto; width:100%; height:600px; float:left;\" data-settings='{\"id\":\"1\",\"map_title\":\"Tous nos dojos \",\"map_width\":\"100\",\"map_height\":\"600\",\"map_start_lat\":\"46.563303\",\"map_start_lng\":\"6.630092\",\"map_start_location\":\"46.56330299999999,6.630092000000001\",\"map_start_zoom\":\"12\",\"default_marker\":\"\",\"type\":\"1\",\"alignment\":\"4\",\"directions_enabled\":\"1\",\"styling_enabled\":\"0\",\"styling_json\":\"\",\"active\":\"0\",\"kml\":\"\",\"bicycle\":\"0\",\"traffic\":\"0\",\"dbox\":\"1\",\"dbox_width\":\"100\",\"listmarkers\":\"0\",\"listmarkers_advanced\":\"0\",\"filterbycat\":\"0\",\"ugm_enabled\":\"0\",\"ugm_category_enabled\":\"0\",\"fusion\":\"\",\"map_width_type\":\"\\\\%\",\"map_height_type\":\"px\",\"mass_marker_support\":\"1\",\"ugm_access\":\"0\",\"order_markers_by\":\"1\",\"order_markers_choice\":\"1\",\"show_user_location\":\"2\",\"default_to\":\"\",\"other_settings\":{\"store_locator_style\":\"legacy\",\"wpgmza_store_locator_radius_style\":\"legacy\",\"directions_box_style\":\"modern\",\"show_distance_from_location\":0,\"map_max_zoom\":\"1\",\"map_min_zoom\":\"21\",\"sl_stroke_color\":\"\",\"sl_stroke_opacity\":\"\",\"sl_fill_color\":\"\",\"sl_fill_opacity\":\"\",\"jump_to_nearest_marker_on_initialization\":0,\"automatically_pan_to_users_location\":0,\"override_users_location_zoom_level\":0,\"click_open_link\":2,\"hide_point_of_interest\":false,\"fit_maps_bounds_to_markers\":false,\"fit_maps_bounds_to_markers_after_filtering\":false,\"wpgmza_auto_night\":0,\"transport_layer\":0,\"polygon_labels\":false,\"enable_marker_ratings\":false,\"iw_primary_color\":\"2A3744\",\"iw_accent_color\":\"252F3A\",\"iw_text_color\":\"FFFFFF\",\"wpgmza_iw_type\":\"0\",\"list_markers_by\":\"6\",\"push_in_map\":\"\",\"push_in_map_placement\":\"9\",\"wpgmza_push_in_map_width\":\"\",\"wpgmza_push_in_map_height\":\"\",\"upload_default_ul_marker\":\"\",\"upload_default_sl_marker\":\"\",\"wpgmza_dbox_width_type\":\"%\",\"default_from\":\"\",\"directions_behaviour\":\"default\",\"force_google_directions_app\":false,\"directions_route_origin_icon\":\"https:\\\/\\\/www.judokwailausanne.ch\\\/cmsv3\\\/wp-content\\\/plugins\\\/wp-google-maps\\\/images\\\/spotlight-poi2.png\",\"retina\":false,\"directions_route_destination_icon\":\"https:\\\/\\\/www.judokwailausanne.ch\\\/cmsv3\\\/wp-content\\\/plugins\\\/wp-google-maps\\\/images\\\/spotlight-poi2.png\",\"directions_route_stroke_color\":\"#4f8df5\",\"directions_route_stroke_weight\":\"4\",\"directions_route_stroke_opacity\":\"0.8\",\"enable_advanced_custom_fields_integration\":false,\"enable_toolset_woocommerce_integration\":false,\"shortcodeAttributes\":{\"id\":\"1\"}}}' data-map-id='1' data-shortcode-attributes='{\"id\":\"1\"}'> <\/div>\r\n            \r\n            <div class=\"wpgmza-popout-panel wpgmza-modern-marker-listing wpgmza_marker_list_class\" data-wpgmza-php-class=\"WPGMZA\\MarkerListing\\Modern\" data-wpgmza-rest-api-route=\"\/marker-listing\/\" data-wpgmza-marker-listing=\"true\" data-wpgmza-ajax-parameters='{\"map_id\":\"1\"}' id=\"wpgmza_marker_list_1\">\n\t<div class=\"wpgmza-close-container\">\n\t\t<span class=\"wpgmza-close\">\n\t\t\t<i class=\"fa fa-times\" aria-hidden=\"true\"><\/i>\n\t\t<\/span>\n\t<\/div>\n\t<ul class=\"wpgmza-modern-marker-listing-list-item-container\">\n\t\t\n\t<\/ul>\n<\/div>   \r\n        <div style=\"display:block; width:100%;\">\r\n\t\t\t\t\r\n\t\t\t\t<div class=\"wpgmza-directions-box wpgmaps_directions_outer_div style-modern\" data-map-id=\"1\" style=\"width:100%;display:none;clear:both;\" id=\"wpgmaps_directions_edit_1\">\n\t<h2 class=\"wpgmza-directions-box__title\">Obtenir un itin\u00e9raire<\/h2>\n\t\n\t<div class=\"wpgmza-directions-box-inner\" id=\"wpgmaps_directions_editbox_1\">\n\t\t<div class=\"wpgmza-directions-actions wpgmza-form-field\">\n\t\t\t<div class=\"wpgmza-directions__travel-mode\">\n\t\t\t\t<span class=\"wpgmza-travel-mode-option wpgmza-travel-option__selected\" data-mode=\"driving\">\n\t\t\t\t\t<img decoding=\"async\" src=\"https:\/\/www.judokwailausanne.ch\/cmsv3\/wp-content\/plugins\/wp-google-maps-pro\/images\/icons\/directions_car.png\">\n\t\t\t\t<\/span>\n\t\t\t\t<span class=\"wpgmza-travel-mode-option\" data-mode=\"walking\">\n\t\t\t\t\t<img decoding=\"async\" src=\"https:\/\/www.judokwailausanne.ch\/cmsv3\/wp-content\/plugins\/wp-google-maps-pro\/images\/icons\/directions_walking.png\">\n\t\t\t\t<\/span>\n\t\t\t\t<span class=\"wpgmza-travel-mode-option\" data-mode=\"transit\">\n\t\t\t\t\t<img decoding=\"async\" src=\"https:\/\/www.judokwailausanne.ch\/cmsv3\/wp-content\/plugins\/wp-google-maps-pro\/images\/icons\/directions_transit.png\">\n\t\t\t\t<\/span>\n\t\t\t\t<span class=\"wpgmza-travel-mode-option\" data-mode=\"bicycling\">\n\t\t\t\t\t<img decoding=\"async\" src=\"https:\/\/www.judokwailausanne.ch\/cmsv3\/wp-content\/plugins\/wp-google-maps-pro\/images\/icons\/directions_bike.png\">\n\t\t\t\t<\/span>\n\t\t\t<\/div>\n\n\t\t\t<div class=\"wpgmza-directions-locations\">\n\t\t\t\t<div class=\"wpgmza-directions-from wpgmza-form-field\">\n\n\t\t\t\t\t<i class=\"wpgmza-directions-from__icon fa fa-circle\"><\/i>\n\t\t\t\n\t\t\t\t\t<label class=\"wpgmza-form-field__label\" for=\"wpgmza_input_from_1\">\n\t\t\t\t\t\tDepuis\t\t\t\t\t<\/label>\n\t\t\t\t\t\n\t\t\t\t\t<input class=\"wpgmza-address wpgmza-directions-from wpgmza-form-field__input\" type=\"text\" placeholder=\"Depuis\" value=\"\" id=\"wpgmza_input_from_1\" style=\"width:80%;\" aria-label=\"Depuis\">\n\t\t\t\t\n\t\t\t\t<\/div>\n\n\t\t\t\t<div class=\"wpgmza-directions-to wpgmza-form-field wpgmaps_to_row\">\n\n\t\t\t\t\t<i class=\"wpgmza-directions-to__icon fa fas fa-map-marker\"><\/i>\n\n\t\t\t\t\t<label class=\"wpgmza-form-field__label\" for=\"wpgmza_input_to_1\">\n\t\t\t\t\t\t\u00c0\t\t\t\t\t<\/label>\n\t\t\t\t\t<input class=\"wpgmza-address wpgmza-form-field__input wpgmza-directions-to\" type=\"text\" placeholder=\"\u00c0\" value=\"\" id=\"wpgmza_input_to_1\" style=\"width:80%;\" aria-label=\"\u00c0\">\n\t\t\t\t<\/div>\n\t\t\t\t\n\t\t\t\t<div class=\"wpgmza-waypoint-via wpgmza-form-field wpgmza-form-field--no-pad wpgmaps_via wpgmaps_template\">\n\n\t\t\t\t\t<i class=\"wpgmza-directions-from__icon fa fa-circle\"><\/i>\n\t\t\t\t\n\t\t\t\t\t<input class=\"wpgmza-waypoint-via wpgmza-form-field__input wpgmaps_via\" type=\"text\" placeholder=\"Via\">\n\t\t\t\t\t\n\t\t\t\t\t<button href=\"javascript:%20;\" class=\"wpgmza_remove_via\">\n\t\t\t\t\t\t<i class=\"fa fa-times\"><\/i>\n\t\t\t\t\t<\/button>\n\t\t\t\t\t\n\t\t\t\t<\/div>\n\t\t\t\t\n\t\t\t\t<div class=\"wpgmza-add-waypoint wpgmza-form-field wpgmza-form-field--no-pad wpgmaps_add_waypoint\">\n\t\t\t\t\t<div class=\"wpgmaps_add_waypoint\">\n\t\t\t\t\t\t<a href=\"javascript:%20;\" class=\"wpgmaps_add_waypoint\" mapid=\"1\">\n\t\t\t\t\t\t\t<i class=\"fa fa-plus-circle\" aria-hidden=\"true\"><\/i>\n\t\t\t\t\t\t\tAjouter un point de cheminement\t\t\t\t\t\t<\/a>\n\t\t\t\t\t<\/div>\n\t\t\t\t<\/div>\n\t\t\t<\/div>\n\n\t\t\t<div class=\"wpgmza-hidden\">\n\t\t\t<label class=\"wpgmza-travel-mode wpgmza-form-field__label\" for=\"wpgmza_dir_type_1\">\n\t\t\t\tPour\t\t\t<\/label>\n\t\t\t<select class=\"wpgmza-travel-mode wpgmza-form-field__input\" name=\"wpgmza_dir_type_1\" id=\"wpgmza_dir_type_1\" aria-label=\"Pour\">\n\t\t\t\t<option value=\"driving\">\n\t\t\t\t\tConduite\t\t\t\t<\/option>\n\t\t\t\t<option value=\"walking\">\n\t\t\t\t\tMarche\t\t\t\t<\/option>\n\t\t\t\t\n\t\t\t\t<option value=\"bicycling\">\n\t\t\t\t\tV\u00e9lo\t\t\t\t<\/option>\n\t\t\t<\/select>\n\t\t\t<\/div>\n\t\t<\/div>\n\t\t\t\n\t\t<div class=\"wpgmza-directions-options__section\">\n\t\t\t<a href=\"javascript:;\" class=\"wpgmza-show-directions-options\" id=\"wpgmza_show_options_1\" mapid=\"1\">\n\t\t\t\tafficher les options\t\t\t<\/a>\n\t\t\t\n\t\t\t<a href=\"javascript:;\" class=\"wpgmza-hide-directions-options\" id=\"wpgmza_hide_options_1\" mapid=\"1\">\n\t\t\t\tmasquer les options\t\t\t<\/a>\n\t\t\t\n\t\t\t<div class=\"wpgmza-directions-options wpgmza-form-field wpgmza-form-field--no-pad wpgmza_dir_options\">\n\t\t\t\t<label class=\"class\">\n\t\t\t\t\t<input type=\"checkbox\" class=\"wpgmza-avoid-tolls\" value=\"tolls\" name=\"wpgmza_tolls_1\" id=\"wpgmza_tolls_1\">\n\t\t\t\t\t\u00c9vitez les p\u00e9ages\t\t\t\t<\/label>\n\t\t\t\t<label class=\"class\">\n\t\t\t\t\t<input type=\"checkbox\" class=\"wpgmza-avoid-highways\" value=\"highways\" name=\"wpgmza_highways_1\" id=\"wpgmza_highways_1\">\n\t\t\t\t\t\u00c9vitez les autoroutes\t\t\t\t<\/label>\n\t\t\t\t<label class=\"class\">\n\t\t\t\t\t<input type=\"checkbox\" class=\"wpgmza-avoid-ferries\" value=\"ferries\" name=\"wpgmza_ferries_1\" id=\"wpgmza_ferries_1\">\n\t\t\t\t\t\u00c9vitez les ferries\t\t\t\t<\/label>\n\t\t\t<\/div>\n\t\t<\/div>\n\t\t\n\t<\/div>\n\t\n\t<div class=\"wpgmza-directions-buttons wpgmza-form-field wpgmaps_to_row\">\n\t\t<input class=\"wpgmza-get-directions wpgmaps_get_directions\" onclick=\"javascript: ;\" type=\"button\" value=\"Aller\" id=\"1\">\n\t\t\n\t\t<span class=\"wpgmza-directions-result__buttons\">\n\t\t\t<a class=\"wpgmza-print-directions\" style=\"display: none;\" onclick=\"javascript: ;\" mapid=\"1\">\n\t\t\t\tImprimer les itin\u00e9raires\t\t\t<\/a>\n\t\t\t\n\t\t\t<a class=\"wpgmza-reset-directions\" style=\"display: none;\" onclick=\"javascript: ;\" mapid=\"1\">\n\t\t\t\tR\u00e9initialiser les itin\u00e9raires\t\t\t<\/a>\n\t\t<\/span>\n\t<\/div>\n<\/div>\r\n\t\t\t\t\r\n\t\t\t\t<div id=\"wpgmaps_directions_notification_1\" style=\"display:none;\">R\u00e9cup\u00e9ration d'itin\u00e9raire......<\/div>\r\n\t\t\t\t\r\n\t\t\t\t<div id=\"wpgmaps_directions_reset_1\" style=\"display:none;\">\r\n\r\n\t\t\t\t\t<a href='javascript:void(0)' onclick='wpgmza_reset_directions(1);' id='wpgmaps_reset_directions' title='R\u00e9initialiser les itin\u00e9raires'>R\u00e9initialiser les itin\u00e9raires<\/a>\r\n\t\t\t\t\t<br \/>\r\n\t\t\t\t\t<a href='javascript: ;' id='wpgmaps_print_directions_1' target='_blank' title='Imprimer les itin\u00e9raires'>Imprimer les itin\u00e9raires<\/a>\r\n\t\t\t\t<\/div>\r\n\t\t\t\t\r\n\t\t\t\t<div id=\"directions_panel_1\"><\/div>\r\n\r\n\t\t\t<\/div>\n<p>[\/et_pb_accordion_item][\/et_pb_accordion][\/et_pb_column][\/et_pb_row][et_pb_row admin_label=\u00a0\u00bbrow\u00a0\u00bb _builder_version=\u00a0\u00bb4.16&Prime; background_size=\u00a0\u00bbinitial\u00a0\u00bb background_position=\u00a0\u00bbtop_left\u00a0\u00bb background_repeat=\u00a0\u00bbrepeat\u00a0\u00bb global_colors_info=\u00a0\u00bb{}\u00a0\u00bb][et_pb_column type=\u00a0\u00bb4_4&Prime; _builder_version=\u00a0\u00bb4.16&Prime; custom_padding=\u00a0\u00bb|||\u00a0\u00bb global_colors_info=\u00a0\u00bb{}\u00a0\u00bb custom_padding__hover=\u00a0\u00bb|||\u00a0\u00bb][\/et_pb_column][\/et_pb_row][\/et_pb_section]<\/p>\n","protected":false},"excerpt":{"rendered":"<p>Notre club dispose de plusieurs endroits o\u00f9 ont lieu les cours de Judo et\/ou Ju-Jitsu, il s&rsquo;agit: Situ\u00e9 avenue Tribunal F\u00e9d\u00e9ral 4, 1005 Lausanne, dans les b\u00e2timents de la piscine Mon-Repos, ce Dojo est l&rsquo;\u00e9picentre du club. Il dispose d&rsquo;une surface d&rsquo;une surface de plus de 400 m2 de tatamis. Nos voisins et amis, le [&hellip;]<\/p>\n","protected":false},"author":3,"featured_media":0,"parent":0,"menu_order":0,"comment_status":"closed","ping_status":"closed","template":"","meta":{"_et_pb_use_builder":"on","_et_pb_old_content":"Notre club dispose de <a href=\"#alldojos\">plusieurs endroits<\/a> o\u00f9 ont lieu les cours de Judo et\/ou Ju-Jitsu, il s'agit:\r\n<ul>\r\n \t<li><a href=\"#1005\">Dojo de Mon Repos \u00e0 Lausanne<\/a><\/li>\r\n \t<li><a href=\"#1066\">Dojo Marcel Python \u00e0 Epalinges<\/a><\/li>\r\n \t<li><a href=\"#1010\">Salle des sports du Coll\u00e8ge de Boissonnet<\/a><\/li>\r\n \t<li><a href=\"#1052\">B\u00e2timent de l'EMS La Paix du Soir au Mont sur Lausanne<\/a><\/li>\r\n<\/ul>\r\n\r\n<a name=\"alldojos\"><\/a>\r\n\r\n\u00a0\r\n\r\n<h4>tous les dojos et salles de sports<\/h4>\r\n[wpgmza id=\"1\"]\r\n\r\n\u00a0\r\n\r\n\u00a0\r\n\r\n<a name=\"1005\"><\/a>\r\n\r\n\u00a0\r\n\r\n\u00a0\r\n\r\n<hr \/>\r\n\r\n<h4>Dojo de Mon Repos \u00e0 Lausanne<\/h4>\r\n\u00a0\r\n\r\n<img class=\"alignright wp-image-1433 size-thumbnail\" src=\"http:\/\/www.judokwailausanne.ch\/cmsv3\/wp-content\/uploads\/2018\/01\/DojoMR-150x150.jpg\" alt=\"\" width=\"150\" height=\"150\" \/>Situ\u00e9 <a href=\"https:\/\/goo.gl\/maps\/eNR6bsWz26v\" target=\"_blank\" rel=\"noopener noreferrer\">avenue Tribunal F\u00e9d\u00e9ral 4, 1005 Lausanne<\/a>, dans les b\u00e2timents de la piscine Mon-Repos, ce Dojo est l'\u00e9picentre du club. Il dispose d'une surface d'une surface de plus de 400 m2 de tatamis. Nos voisins et amis, le Budokan Lausanne dispose \u00e9galement d'une m\u00eame surface d'entrainement qui sont s\u00e9par\u00e9s par une cloison amovible. Les deux tatamis peuvent \u00eatre r\u00e9unis facilement. Cela a lieu plusieurs fois par ann\u00e9e lors d'entrainements particuliers ou du tournoi des enfants notamment.\r\n<div><\/div>\r\n\u00a0\r\n\r\n\u00a0\r\n\r\n<a name=\"1066\"><\/a>\r\n\r\n\u00a0\r\n\r\n\u00a0\r\n\r\n<hr \/>\r\n\r\n<h4>Dojo Marcel Python \u00e0 Epalinges<\/h4>\r\n\u00a0\r\n\r\n<img class=\"alignright wp-image-1432 size-thumbnail\" src=\"https:\/\/www.judokwailausanne.ch\/cmsv3\/wp-content\/uploads\/2018\/01\/DojoMPs-150x150.jpg\" alt=\"\" width=\"150\" height=\"150\" \/>En 1995, la Municipalit\u00e9 a mis \u00e0 disposition un dojo sympathique et agr\u00e9able dans la <a href=\"https:\/\/goo.gl\/maps\/pGtR3wraVp22\" target=\"_blank\" rel=\"noopener noreferrer\">salle des sports, route de la Croix Blanche \u00e0 Epalinges<\/a>. Dans ce Dojo r\u00e9nov\u00e9 tout derni\u00e8rement, ont lieu des cours de <a href=\"https:\/\/www.judokwailausanne.ch\/1066\">Judo<\/a> pour enfants et de <a href=\"https:\/\/www.judokwailausanne.ch\/ju-jitsu\">Ju-Jitsu<\/a>.\r\n<div><\/div>\r\n\u00a0\r\n\r\n\u00a0\r\n\r\n<a name=\"1010\"><\/a>\r\n\r\n\u00a0\r\n\r\n\u00a0\r\n\r\n<hr \/>\r\n\r\n<h4>Salle des sports du Coll\u00e8ge de Boissonnet<\/h4>\r\n\u00a0\r\n\r\n<img class=\"alignright wp-image-4678 size-thumbnail\" src=\"https:\/\/www.judokwailausanne.ch\/cmsv3\/wp-content\/uploads\/2018\/01\/DojoBo1-150x150.jpg\" alt=\"\" width=\"150\" height=\"150\" \/>En 2004, la section de Ju-Jitsu loue la salle de rythmique du Coll\u00e8ge de Boissonnet, qui se situe <a href=\"https:\/\/goo.gl\/maps\/PZPbogrN2tD2\" target=\"_blank\" rel=\"noopener noreferrer\">Chemin de Boissonnet 45 \u00e0 1010 Lausanne<\/a>. La salle est \u00e9galement utilis\u00e9e, notamment, par l'association le Gecko Sauteur qui propose des du Judo pour enfants et avec qui nous partageons les tatamis pour donner nos <a href=\"https:\/\/www.judokwailausanne.ch\/ju-jitsu\">cours de Ju-Jitsu<\/a>.\r\n<div><\/div>\r\n\u00a0\r\n\r\n\u00a0\r\n\r\n<a name=\"1052\"><\/a>\r\n\r\n\u00a0\r\n\r\n\u00a0\r\n\r\n<hr \/>\r\n\r\n<h4>B\u00e2timent principal de l'EMS La Paix du Soir<\/h4>\r\n\u00a0\r\n\r\n<img class=\"alignright wp-image-9716 size-thumbnail\" src=\"https:\/\/www.judokwailausanne.ch\/cmsv3\/wp-content\/uploads\/2018\/11\/MontLausanne-150x150.jpg\" alt=\"\" width=\"150\" height=\"150\" \/>\r\nEn octobre 2018, le Judo Kwai Lausanne signe un partenariat avec l'association La Paix du Soir pour utiliser les locaux qui se situent <a href=\"https:\/\/goo.gl\/maps\/BxcyMNazNnS2\" target=\"_blank\" rel=\"noopener noreferrer\">Chemin de Longeraie 9, 1052 Le Mont\/Lausanne<\/a>. Dans ces locaux sont donn\u00e9s les <a href=\"https:\/\/www.judokwailausanne.ch\/1052\">cours de Judo<\/a>.\r\n<div><\/div>\r\n\u00a0\r\n\r\n\u00a0\r\n\r\n\r\n\u00a0\r\n\r\n<hr \/>\r\n\r\n<img class=\"alignright wp-image-1433 size-thumbnail\" src=\"http:\/\/www.judokwailausanne.ch\/cmsv3\/wp-content\/uploads\/2018\/01\/LogoJKL-278x300.jpg\" alt=\"\" width=\"150\" height=\"150\" \/>","_et_gb_content_width":"","footnotes":""},"class_list":["post-4101","page","type-page","status-publish","hentry"],"_links":{"self":[{"href":"https:\/\/www.judokwailausanne.ch\/index.php?rest_route=\/wp\/v2\/pages\/4101","targetHints":{"allow":["GET"]}}],"collection":[{"href":"https:\/\/www.judokwailausanne.ch\/index.php?rest_route=\/wp\/v2\/pages"}],"about":[{"href":"https:\/\/www.judokwailausanne.ch\/index.php?rest_route=\/wp\/v2\/types\/page"}],"author":[{"embeddable":true,"href":"https:\/\/www.judokwailausanne.ch\/index.php?rest_route=\/wp\/v2\/users\/3"}],"replies":[{"embeddable":true,"href":"https:\/\/www.judokwailausanne.ch\/index.php?rest_route=%2Fwp%2Fv2%2Fcomments&post=4101"}],"version-history":[{"count":67,"href":"https:\/\/www.judokwailausanne.ch\/index.php?rest_route=\/wp\/v2\/pages\/4101\/revisions"}],"predecessor-version":[{"id":25130,"href":"https:\/\/www.judokwailausanne.ch\/index.php?rest_route=\/wp\/v2\/pages\/4101\/revisions\/25130"}],"wp:attachment":[{"href":"https:\/\/www.judokwailausanne.ch\/index.php?rest_route=%2Fwp%2Fv2%2Fmedia&parent=4101"}],"curies":[{"name":"wp","href":"https:\/\/api.w.org\/{rel}","templated":true}]}}