{"id":4237,"date":"2018-01-06T20:10:30","date_gmt":"2018-01-06T19:10:30","guid":{"rendered":"http:\/\/www.judokwailausanne.ch\/cmsv3\/?page_id=4237"},"modified":"2020-08-23T18:02:01","modified_gmt":"2020-08-23T16:02:01","slug":"coach-js","status":"publish","type":"page","link":"https:\/\/www.judokwailausanne.ch\/?page_id=4237","title":{"rendered":"Coach J&#038;S"},"content":{"rendered":"\t\t<div data-elementor-type=\"wp-page\" data-elementor-id=\"4237\" class=\"elementor elementor-4237\">\n\t\t\t\t\t\t<section class=\"elementor-section elementor-top-section elementor-element elementor-element-4d9ad966 elementor-section-boxed elementor-section-height-default elementor-section-height-default\" data-id=\"4d9ad966\" data-element_type=\"section\" data-e-type=\"section\">\n\t\t\t\t\t\t<div class=\"elementor-container elementor-column-gap-default\">\n\t\t\t\t\t<div class=\"elementor-column elementor-col-100 elementor-top-column elementor-element elementor-element-5e9fb847\" data-id=\"5e9fb847\" data-element_type=\"column\" data-e-type=\"column\">\n\t\t\t<div class=\"elementor-widget-wrap elementor-element-populated\">\n\t\t\t\t\t\t<div class=\"elementor-element elementor-element-2593181f elementor-widget elementor-widget-text-editor\" data-id=\"2593181f\" data-element_type=\"widget\" data-e-type=\"widget\" data-widget_type=\"text-editor.default\">\n\t\t\t\t<div class=\"elementor-widget-container\">\n\t\t\t\t\t\t\t\t\t<a name=\"coach\"><\/a>\n<h4>Qui est ton coach J&amp;S pour le Ju-jitsu?<\/h4>\n<H5>Francesco Parisi<\/H5>\n<P>Rencontre-le ! mardi et jeudi au dojo d&rsquo;Epalinges\n<BR>\nContacte le : <a href=\"mailto:coachepalinges@gmail.com\">coachepalinges@gmail.com<\/a>\n<\/P>\n\n<img decoding=\"async\" class=\"size-full alignright\" src=\"http:\/\/www.judokwailausanne.ch\/cmsv3\/wp-content\/uploads\/2014\/09\/Francesco_1.jpg\" width=\"120\" height=\"180\" \/>\n\n\n<h4>Tu es moniteur J&amp;S \u00e0 Epalinges et&#8230;<\/h4>\n<ul>\n \t<li>tu dois faire un module de perfectionnement bisannuel ?<\/li>\n \t<li>tu d\u00e9sires t&rsquo;inscrire \u00e0 une formation continue 1 ou 2 afin de poursuivre ton cursus de moniteur J&amp;S ?<\/li>\n \t<li>tu d\u00e9sires t&rsquo;inscrire \u00e0 un module FSJ\/J&amp;S ?<\/li>\n \t<li>tu as besoin d&rsquo;informations concernant ton statut J&amp;S ?<\/li>\n<\/ul>\nAdresse-toi \u00e0<a href=\"#coach\"> ton coach J&amp;S<\/a> !\n<h4>Moniteur J&amp;S de Ju-jitsu ?<\/h4>\n<img decoding=\"async\" class=\"alignright wp-image-8805\" src=\"https:\/\/www.judokwailausanne.ch\/cmsv3\/wp-content\/uploads\/2018\/08\/js.png\" alt=\"\" width=\"120\" height=\"157\" \/>Si tu as 18 ans r\u00e9volus et que tu es 1er kyu, alors tu peux suivre un cours de base de moniteur J&amp;S de ju-jitsu. Ce cours dure une semaine et se termine par un examen pratique et th\u00e9orique.\nCette formation se fait sur proposition et recommandation de ton coach J&amp;S.\nLes moniteurs responsable des cours de ju-jitsu \u00e0 Epalinges sont consult\u00e9s et leur avis pris en compte dans la recommandation.\n\nDes questions ? Contacte ton <a href=\"#coach\"> ton coach J&amp;S<\/a> !\n<h4>Plus aucune journ\u00e9e d&rsquo;admission \u00e0 compter du 1er janvier 2016<\/h4>\nA compter du 1<sup><span style=\"font-size: small;\">er<\/span><\/sup> janvier 2016, plus <strong>aucune<\/strong> journ\u00e9e d&rsquo;admission n&rsquo;aura lieu pendant 2 ans dans le judo et ju-jitsu. Les personnes int\u00e9ress\u00e9es pourront acc\u00e9der directement au cours de moniteurs J+S (inscription par l&rsquo;interm\u00e9diaire du coach J+S du club). L&rsquo;avenir des journ\u00e9es d&rsquo;admission sera d\u00e9cid\u00e9 \u00e0 la fin de cette p\u00e9riode d&rsquo;essai. Les conditions minimales auxquelles les participants devront r\u00e9pondre ne changent pas (\u00eatre \u00e2g\u00e9 de 18 ans ou plus et \u00eatre d\u00e9tenteur du premier kyu).\n\n<a href=\"https:\/\/www.jugendundsport.ch\/fr\/sportarten\/ju-jitsu-uebersicht.html\" target=\"_blank\" rel=\"noopener noreferrer\">https:\/\/www.jugendundsport.ch\/fr\/sportarten\/ju-jitsu-uebersicht.html<\/a>\t\t\t\t\t\t\t\t<\/div>\n\t\t\t\t<\/div>\n\t\t\t\t\t<\/div>\n\t\t<\/div>\n\t\t\t\t\t<\/div>\n\t\t<\/section>\n\t\t\t\t<\/div>\n\t\t","protected":false},"excerpt":{"rendered":"<p>Qui est ton coach J&amp;S pour le Ju-jitsu? Francesco Parisi Rencontre-le ! mardi et jeudi au dojo d&rsquo;Epalinges Contacte le : coachepalinges@gmail.com Tu es moniteur J&amp;S \u00e0 Epalinges et&#8230; tu dois faire un module de perfectionnement bisannuel ? tu d\u00e9sires t&rsquo;inscrire \u00e0 une formation continue 1 ou 2 afin de poursuivre ton cursus de moniteur [&hellip;]<\/p>\n","protected":false},"author":3,"featured_media":0,"parent":4212,"menu_order":0,"comment_status":"closed","ping_status":"closed","template":"","meta":{"_et_pb_use_builder":"","_et_pb_old_content":"","_et_gb_content_width":"","footnotes":""},"class_list":["post-4237","page","type-page","status-publish","hentry"],"_links":{"self":[{"href":"https:\/\/www.judokwailausanne.ch\/index.php?rest_route=\/wp\/v2\/pages\/4237","targetHints":{"allow":["GET"]}}],"collection":[{"href":"https:\/\/www.judokwailausanne.ch\/index.php?rest_route=\/wp\/v2\/pages"}],"about":[{"href":"https:\/\/www.judokwailausanne.ch\/index.php?rest_route=\/wp\/v2\/types\/page"}],"author":[{"embeddable":true,"href":"https:\/\/www.judokwailausanne.ch\/index.php?rest_route=\/wp\/v2\/users\/3"}],"replies":[{"embeddable":true,"href":"https:\/\/www.judokwailausanne.ch\/index.php?rest_route=%2Fwp%2Fv2%2Fcomments&post=4237"}],"version-history":[{"count":26,"href":"https:\/\/www.judokwailausanne.ch\/index.php?rest_route=\/wp\/v2\/pages\/4237\/revisions"}],"predecessor-version":[{"id":15496,"href":"https:\/\/www.judokwailausanne.ch\/index.php?rest_route=\/wp\/v2\/pages\/4237\/revisions\/15496"}],"up":[{"embeddable":true,"href":"https:\/\/www.judokwailausanne.ch\/index.php?rest_route=\/wp\/v2\/pages\/4212"}],"wp:attachment":[{"href":"https:\/\/www.judokwailausanne.ch\/index.php?rest_route=%2Fwp%2Fv2%2Fmedia&parent=4237"}],"curies":[{"name":"wp","href":"https:\/\/api.w.org\/{rel}","templated":true}]}}